git of p?
9
Let j(h) = 9244*h**2 + 3*h - 4. What is the thousands digit of j(1)?
9
Suppose m + 3*x + 21 = 0, x - 36 = -5*m - 71. Let t be 233/5 + (-4)/(-10). Let c = t + m. What is the tens digit of c?
4
Let i(k) = 32*k + 136. Let t(g) = -11*g - 45. Let m(c) = 5*i(c) + 14*t(c). Let r be m(-7). Suppose 0*l - r*l + 696 = 0. What is the tens digit of l?
8
What is the units digit of -67*143/(-26)*(1 - -9)?
5
Let d(m) = -47*m**2 - 17*m - 2. Let l be d(4). Let g(k) = -2*k - 4. Let t be g(3). What is the units digit of l/t + 2/(-10)?
2
Suppose -46 = -u + 210. Let g = 556 - u. Let o = -66 + g. What is the units digit of o?
4
Let i(z) = 1014*z + 338. What is the thousands digit of i(4)?
4
Suppose 5*i - 944 = -969. What is the tens digit of i + (2868/6 - -3) + 6?
8
Let w = -13 + 66. Suppose -w = 4*o - 305. What is the tens digit of o?
6
Let x(u) = 34*u + 25. Let q be x(-9). Let a = q - -382. What is the tens digit of a?
0
Suppose -m + c - 109 = -0*m, c = 2*m + 215. Let i = 94 + m. Let a = i - -66. What is the units digit of a?
4
Let n(x) = 942*x**2 - 622*x - 3780. What is the units digit of n(-6)?
4
Let m(r) = -21*r**3 - r**2 - r - 6. Let s(j) = -3*j**2 + 18*j - 3. Let k be s(6). What is the units digit of m(k)?
5
Let g(t) = -16*t**3 + 5*t**2 + 10*t - 100. What is the thousands digit of g(-10)?
6
Suppose 13*t = 14*t + 6. What is the units digit of t/(-12)*-2*-1118?
8
Suppose 0*k + 10 = -5*k, 6 = -5*m - 3*k. Suppose 5*f - 3 = 4*j, -3*f = 3 - m. What is the tens digit of (-1)/(((-6)/(-243))/j)?
8
Let b = -36284 - -65707. What is the thousands digit of b?
9
What is the thousands digit of (2/(-1))/((248/(-118528))/31*1)?
9
Let t be 10 + (-5)/(-10)*-12. What is the hundreds digit of t/34*-1 - (-3880)/34?
1
Let g = 195 + -197. What is the hundreds digit of (-1)/g - -13*1239/14?
1
Suppose 2*c - 44227 = -3*o, -2902 + 25021 = c - 4*o. What is the hundreds digit of c?
1
What is the tens digit of (11310/(-116))/((-6)/436)?
8
Let g(v) = 33*v**3 - 2*v**2 + 2*v - 1. Let u = -110 + 111. Let j be g(u). Suppose -5140 = 12*r - j*r. What is the units digit of r?
7
Suppose 188 = -65*g + 69*g. Suppose g = z + 2*z + c, 3*c = -3*z + 51. What is the tens digit of (18/z)/((-14)/(-1015))?
8
Let i = 24 - 19. Suppose 3*g = 6*g - 5*p + 49, g + 13 = i*p. What is the tens digit of (-10)/(-15)*-6 - g?
1
Let t(p) = 5 - 14 + 12*p - 10*p + 3*p**3. What is the units digit of t(3)?
8
Suppose 51*q - u = 54*q - 134729, 2*q + 5*u = 89815. What is the thousands digit of q?
4
Let t = -13077 + 18586. Suppose -283 = -16*y + t. What is the tens digit of y?
6
What is the tens digit of 2/13 + (24713370/(-195))/(-18)?
4
Let q(f) = -f**2 - 28*f - 162. Let u be q(-9). Suppose -u*o + 6*o = -3*b + 5157, 0 = 3*b - 5*o - 5147. What is the thousands digit of b?
1
Suppose 203 = 4*z - 165. Suppose -4*y + 8 + z = 0. Suppose -9*i + 10*i = y. What is the units digit of i?
5
Let v be 2 + -2 - 7/1. Let u(a) be the third derivative of -a**6/120 - a**5/12 + a**4/6 - 4*a**3/3 + 502*a**2. What is the units digit of u(v)?
2
Let a(n) = 3*n + 80. Let l be a(-25). Suppose 0 = -2*o + l*u, -3*u + 10 = 5*o - 21. Suppose 3*s = o*s, 4*b + 2*s - 76 = 0. What is the tens digit of b?
1
Let l be (-20 + 18)/((-4)/(-14)). Let h(b) = b**2 - b - 1. Let i(o) = -6*o**2 + 3*o + 4. Let v(n) = -15*h(n) - 3*i(n). What is the units digit of v(l)?
8
Let f = 7623 - 3920. What is the thousands digit of f?
3
Let s(y) = -50*y + 370. Let u be s(-33). Let h = u + -1169. What is the hundreds digit of h?
8
Let n(c) = -7*c**2 - 14*c - 8. Let y(k) = 8*k**2 + 13*k + 8. Let i(v) = -6*n(v) - 5*y(v). Let u be i(-9). What is the tens digit of 46 - (-4)/(u + 3)?
4
Let v be 5*(-2)/(-35) - (-23115)/21. Suppose 8*n - v = -4181. Let h = n + 594. What is the units digit of h?
9
Let r(z) = -2*z**3 + 4*z**2 + 7*z + 26. Let c(u) = -u**3 + 20*u**2 - u + 16. Let o be c(20). What is the hundreds digit of r(o)?
1
Let m(l) = 8*l + 26. Let q be m(-4). Let y(g) = -138*g + 4. What is the hundreds digit of y(q)?
8
Suppose -a = 3, -q = 2*q - a - 72. Suppose 18*b = q*b - 3850. What is the units digit of b?
0
Suppose -4*x - 4712 = q - 2*q, -q = 2*x - 4700. Suppose 24*b = 8*b + q. What is the units digit of b?
4
Let c(s) be the third derivative of 13*s**5/20 - 17*s**4/24 - 61*s**3/3 - 120*s**2. What is the tens digit of c(-6)?
8
Suppose 126 = -9*c + 153. Suppose h - 3*x - 802 = 0, x + 2351 = c*h + 3*x. What is the tens digit of h?
8
Let f(p) = -51*p + 535. Let b be f(10). Let c = 51 + 23. Suppose 0 = n - b - c. What is the tens digit of n?
9
Let g(i) = 13*i**2 - 12*i + 22. Let p be g(-13). Suppose -84*y + p = -79*y. What is the hundreds digit of y?
4
Suppose -4 = 6*q - 10. Let t be 4/(-16) - q*470/8. What is the tens digit of 1*(6 + -5)*t/(-1)?
5
Let r be 15*(224/(-21) + 2/1). Let i be (33/(-22))/(3/r). What is the units digit of (15/25)/(1/i)?
9
Let n = -89 - -91. Suppose 651 = -n*l + 1819. What is the tens digit of l?
8
Suppose 0*f + 3*f = -0*f. Suppose f = 2*a - 170 - 156. What is the hundreds digit of a?
1
Suppose -4*q + 24572 + 3244 = -4*k, -3*k = -18. What is the tens digit of q?
6
Let v(i) = 31*i + 45. Let b be 0 + -3 + 22 + 9. What is the hundreds digit of v(b)?
9
Suppose -5*f = -70*f - 44*f + 171566. What is the tens digit of f?
7
Let l = -306 - -317. Suppose l*s = 38*s - 20655. What is the hundreds digit of s?
7
Suppose m = -2*g + 38180, -3*g + 3*m - 76364 = -7*g. What is the ten thousands digit of g?
1
Suppose -31*a - 7*a + 818040 = 22*a. What is the units digit of a?
4
Let a = -179 + 412. Let b = a - -327. What is the units digit of b?
0
Suppose 2*h = 2*c - 16, -5*h - 20 = -5*c - 4*h. Suppose -l = c*w - 769, w + 4*l = l + 251. What is the hundreds digit of w?
2
Let o(d) = 2*d**2 + 10*d + 5. Let t be o(-5). Suppose -3*v - t*h + 5 = 0, 4*v + 2 = -h + 3. Suppose v*w = -7*w + 385. What is the units digit of w?
5
Let f(s) = 4*s**2 + 7*s - 19. Let h be f(2). Let j be 5 + (-1 + h - 3). Suppose 0 = -j*u + 8*u + 4*b + 8, 2*b = 0. What is the units digit of u?
2
What is the thousands digit of ((-13 - -7)/(-3))/((-1)/(-1)) + 4893?
4
Suppose 2*f - 14 = -5*f. Suppose -4*n + p + 722 = -2*p, -f*p = -4. What is the units digit of n?
2
What is the thousands digit of (360/108)/(2/(-6594)*-2)?
5
Suppose 40*w + 45*w - 607163 = 953352. What is the tens digit of w?
5
Let z = 3288 - 2236. What is the thousands digit of z?
1
Let i(x) = -7*x + 13. Let j(v) = 1. Let n be (-8)/(-10) - 4*27/60. Let p(w) = n*i(w) + 6*j(w). What is the units digit of p(9)?
6
Let f(g) = g + 8. Let c be f(-4). Suppose 0 = -c*w + 10*w - 612. What is the units digit of w?
2
Let c = 41072 + -21220. What is the tens digit of c?
5
Let f(u) = 6*u**3 + 4*u**2 + 3*u + 4. Let b be f(3). Let m = 373 - b. What is the hundreds digit of m?
1
Let q be 1/(1/147) + (-5 - -8). Suppose -d - 42 = -q. What is the hundreds digit of d?
1
Let q = 61307 - 2088. What is the thousands digit of q?
9
Let k = -59 + 62. Let f(w) = -w**3 - 4 - w - w**2 + 2*w**3 + 3*w. What is the units digit of f(k)?
0
Let d = 64452 + -17971. What is the ten thousands digit of d?
4
What is the units digit of (-2 - 1)*-1 - 21896/(-4)?
7
Let n = 678 - 396. Let r = -15 + n. What is the hundreds digit of r?
2
Let b(d) = 124636*d - 4. Let x be b(-1). What is the tens digit of (-8)/18 - x/180?
9
Let c = 146 + -146. Suppose c = 12*j - 15*j. What is the hundreds digit of (0 + 1 - j)*(77 + 25)?
1
Suppose 0 = 24*k - 31540 - 37004. What is the hundreds digit of k?
8
Let s = 103753 - 61231. What is the hundreds digit of s?
5
Let s(r) = 3339*r**2 + 2*r - 2. Let f be s(1). Suppose -3*i - 4*i = -f. Suppose -129 = -6*t + i. What is the tens digit of t?
0
Suppose -13*s + 1024 = -12*s - y, 3*y = -3*s + 3066. Let b = s - 75. What is the units digit of b?
8
Let c = 27183 + -15668. What is the thousands digit of c?
1
Suppose -993*w = 3*y - 992*w - 35968, -7*w = 3*y - 35956. What is the ten thousands digit of y?
1
Suppose 3*f - 7*f - 5*c + 6372 = 0, -2*c + 1596 = f. Let y = f + -1026. What is the units digit of y?
2
Let q(f) = -4*f**2 - 4*f. Let d be q(-3). Let c(m) = -17 + 12*m**2 + 68*m + 14*m**2 - 58*m**3 + 59*m**3 - 22*m. What is the units digit of c(d)?
1
Let y(d) = 2*d**2 + 31*d + 101. Let z be y(20). Let l = 2289 - z. What is the units digit of l?
8
Let i be (-4)/22 + 75/